{"id":156,"date":"2021-09-10T19:29:26","date_gmt":"2021-09-10T19:29:26","guid":{"rendered":"http:\/\/optima.nstrefa.pl\/?page_id=156"},"modified":"2021-09-13T18:15:53","modified_gmt":"2021-09-13T18:15:53","slug":"przylaczenie-do-sieci","status":"publish","type":"page","link":"https:\/\/optima.olecko.pl\/index.php\/przylaczenie-do-sieci\/","title":{"rendered":"Przy\u0142\u0105czenie do sieci"},"content":{"rendered":"\n<h2>\n\t\tProcedura &#8211; krok po kroku\n\t<\/h2>\n\t<p>Zasady przy\u0142\u0105czania do sieci wodoci\u0105gowej i kanalizacji reguluje ustawa o zbiorowym zaopatrzeniu w wod\u0119 i zbiorowym odprowadzaniu \u015bciek\u00f3w, rozporz\u0105dzenia resortowe do tej ustawy jak przepisy prawo budowlanego, prawa geodezyjnego i kartograficznego.<\/p>\n<p>Dost\u0119pno\u015b\u0107 do us\u0142ug wodno-kanalizacyjnych ludno\u015bci zagwarantowana jest w ustawie jednak, zainteresowany zobowi\u0105zany jest spe\u0142ni\u0107 okre\u015blone wymagania w zakresie ustanowionego prawa, i je\u015bli istniej\u0105 techniczne mo\u017cliwo\u015bci przy\u0142\u0105czenia nieruchomo\u015bci do sieci publicznej wodoci\u0105gowej czy kanalizacyjnej.<\/p>\n<ol>\n<li>Uzyskanie zapewnienia dostawy wody ( warunk\u00f3w technicznych ) w OPTIMA Sp\u00f3\u0142ka z&nbsp; o.o z siedzib\u0105 w Olecku:<\/li>\n<\/ol>\n<ul>\n<li>zleca inwestor lub projektant na wniosek inwestora,<\/li>\n<li>za\u0142\u0105cznik&nbsp; aktualna&nbsp; mapa&nbsp; sytuacyjno-wysoko\u015bciowa do cel\u00f3w informacyjnych w&nbsp; skali&nbsp; 1: 500&nbsp; lub 1: 1000 ( 2 egz., wystarcz\u0105 kserokopie), miejsce&nbsp; pobrania map O\u015brodek Dokumentacji Geodezyjnej i Kartograficznej<\/li>\n<li>czas oczekiwania na warunki: do 30 dni,<\/li>\n<li>druk&nbsp; wniosek na stronie internetowej&nbsp; <u>www.optima.olecko.pl<\/u>&nbsp; lub w Biurze Obs\u0142ugi Klienta,<\/li>\n<\/ul>\n<p>&nbsp;<\/p>\n<ol start=\"2\">\n<li>Sporz\u0105dzenie mapy do cel\u00f3w projektowych (czynno\u015b\u0107 niezale\u017cna od OPTIMA):<\/li>\n<\/ol>\n<ul>\n<li>wykonuje uprawniony geodeta na zlecenie i koszt inwestora,<\/li>\n<li>uzyskanie&nbsp;&nbsp; zgody&nbsp; W\u00f3jta&nbsp; Gminy&nbsp; na&nbsp; w\u0142\u0105czenie&nbsp; si\u0119&nbsp; do urz\u0105dze\u0144&nbsp; sieciowych<\/li>\n<\/ul>\n<ol start=\"3\">\n<li>Wykonanie projektu przy\u0142\u0105cza&nbsp; ( czynno\u015b\u0107&nbsp; niezale\u017cna od OPTIMA Sp. z o.o )<\/li>\n<\/ol>\n<p>&nbsp;<\/p>\n<ol start=\"4\">\n<li>Uzgodnienie trasy przy\u0142\u0105cza&nbsp; w&nbsp; zakresie&nbsp; kolizji&nbsp; z&nbsp; istniej\u0105c\u0105&nbsp; infrastruktur\u0105 in\u017cynieryjn\u0105 lub gruntami innych w\u0142a\u015bcicieli,<\/li>\n<\/ol>\n<ul>\n<li>zleca projektant lub inwestor, w zale\u017cno\u015bci od umowy mi\u0119dzy nimi,<\/li>\n<\/ul>\n<p>&nbsp;<\/p>\n<ol start=\"5\">\n<li>Uzgodnienie we w\u0142a\u015bciwym&nbsp;&nbsp; ZUDP&nbsp;&nbsp; w&nbsp;&nbsp; Urz\u0119dzie&nbsp; Starostwa&nbsp; Powiatowego (O\u015brodek Dokumentacji Geodezyjnej i Kartograficznej),<\/li>\n<\/ol>\n<ul>\n<li>zleca projektant lub inwestor, w zale\u017cno\u015bci od umowy mi\u0119dzy nimi,<\/li>\n<\/ul>\n<p>&nbsp;<\/p>\n<ol start=\"6\">\n<li>Uzgodnienie projektu w OPTIMA Sp\u00f3\u0142ka z ograniczon\u0105 odpowiedzialno\u015bci\u0105 z siedzib\u0105 w Olecku , ulica Aleja Zwyci\u0119stwa 6,<\/li>\n<\/ol>\n<p>&nbsp;<\/p>\n<ol start=\"7\">\n<li>Zg\u0142oszenie przyst\u0105pienia do rob\u00f3t oraz wykonania w\u0142\u0105czenia do sieci wodoci\u0105gowej lub kanalizacyjnej,<\/li>\n<\/ol>\n<ul>\n<li>zg\u0142asza uprawniony wykonawca \/ przedsi\u0119biorca posiadaj\u0105cy uprawnienia bran\u017cowe i zarejestrowan\u0105 dzia\u0142alno\u015b\u0107 \/,<\/li>\n<li>czas oczekiwania na w\u0142\u0105czenie od 2 do 7 dni w zale\u017cno\u015bci od ilo\u015bci zg\u0142osze\u0144,<\/li>\n<li>w\u0142\u0105czenia&nbsp;&nbsp; do&nbsp; urz\u0105dze\u0144&nbsp; sieciowych&nbsp;&nbsp; dokonuje&nbsp;&nbsp; Przedsi\u0119biorstwo&nbsp;&nbsp; wodno-kanalizacyjne \/ monta\u017c zasuwy domowej \/ w gotowym wykopie ,<\/li>\n<li>druk zlecenia na stronie internetowej <u>www.optima.olecko.pl<\/u><\/li>\n<\/ul>\n<p>&nbsp;<\/p>\n<ol start=\"8\">\n<li>Monta\u017c wodomierza:<\/li>\n<\/ol>\n<ul>\n<li>dokonuje&nbsp; Przedsi\u0119biorstwo&nbsp; wodoci\u0105gowe&nbsp; w&nbsp; terminie&nbsp; uzgodnionym&nbsp; z inwestorem,<\/li>\n<\/ul>\n<ol start=\"9\">\n<li>Dokonanie przegl\u0105du technicznego:<\/li>\n<\/ol>\n<ul>\n<li>termin przegl\u0105du ustalany jest z&nbsp; wykonawc\u0105 w chwili zg\u0142oszenia Przyst\u0105pienia do rob\u00f3t,<\/li>\n<\/ul>\n<ol start=\"10\">\n<li>Wykonanie inwentaryzacji geodezyjnej&nbsp;&nbsp; powykonawczej&nbsp;&nbsp; wykonanego uzbrojenia:<\/li>\n<\/ol>\n<ul>\n<li>wykonuje uprawniony geodeta na zlecenie inwestora,<\/li>\n<\/ul>\n<p>&nbsp;<\/p>\n<ol start=\"11\">\n<li>Spisanie protoko\u0142u odbioru ko\u0144cowego:<\/li>\n<\/ol>\n<ul>\n<li>nast\u0119puje w dniu zg\u0142oszenia si\u0119 inwestora lub osoby upowa\u017cnionej,<\/li>\n<li>protok\u00f3\u0142&nbsp; spisuje&nbsp; pracownik&nbsp; OPTIMA&nbsp; Sp.&nbsp; z&nbsp; o.o&nbsp; w&nbsp; Olecku&nbsp; w obecno\u015bci inwestora&nbsp; lub&nbsp; osoby&nbsp; upowa\u017cnionej&nbsp; przez&nbsp; inwestora,&nbsp; przedstawiaj\u0105cej pisemne upowa\u017cnienie,<\/li>\n<li>za\u0142\u0105cznik inwentaryzacja geodezyjna powykonawcza (mapa)<\/li>\n<li>inne dokumenty wymagane jak atesty, aprobaty techniczne, protoko\u0142y z pr\u00f3b technicznych ci\u015bnieniowych, pozytywne wyniki badania wody,<\/li>\n<\/ul>\n<p>&nbsp;<\/p>\n<ol start=\"12\">\n<li>Spisanie umowy o zaopatrzenie w wod\u0119.<\/li>\n<\/ol>\n<ul>\n<li>inwestor&nbsp; zobowi\u0105zany&nbsp; jest&nbsp; do&nbsp; zawarcia umowy na dostawy wody&nbsp; ,<\/li>\n<li>wniosek o zawarcie umowy na dostawy wody na stronie internetowej <u>www.optima.olecko.pl<\/u><\/li>\n<\/ul>\n","protected":false},"excerpt":{"rendered":"<p>Procedura &#8211; krok po kroku Zasady przy\u0142\u0105czania do sieci wodoci\u0105gowej i kanalizacji reguluje ustawa o zbiorowym zaopatrzeniu w wod\u0119 i zbiorowym odprowadzaniu \u015bciek\u00f3w, rozporz\u0105dzenia resortowe do tej ustawy jak przepisy prawo budowlanego, prawa geodezyjnego i kartograficznego. Dost\u0119pno\u015b\u0107 do us\u0142ug wodno-kanalizacyjnych ludno\u015bci zagwarantowana jest w ustawie jednak, zainteresowany zobowi\u0105zany jest spe\u0142ni\u0107 okre\u015blone wymagania w zakresie ustanowionego &hellip;<\/p>\n<p class=\"read-more\"> <a class=\"\" href=\"https:\/\/optima.olecko.pl\/index.php\/przylaczenie-do-sieci\/\"> <span class=\"screen-reader-text\">Przy\u0142\u0105czenie do sieci<\/span> Read More &raquo;<\/a><\/p>\n","protected":false},"author":1,"featured_media":0,"parent":0,"menu_order":0,"comment_status":"closed","ping_status":"closed","template":"","meta":{"footnotes":""},"class_list":["post-156","page","type-page","status-publish","hentry"],"_links":{"self":[{"href":"https:\/\/optima.olecko.pl\/index.php\/wp-json\/wp\/v2\/pages\/156","targetHints":{"allow":["GET"]}}],"collection":[{"href":"https:\/\/optima.olecko.pl\/index.php\/wp-json\/wp\/v2\/pages"}],"about":[{"href":"https:\/\/optima.olecko.pl\/index.php\/wp-json\/wp\/v2\/types\/page"}],"author":[{"embeddable":true,"href":"https:\/\/optima.olecko.pl\/index.php\/wp-json\/wp\/v2\/users\/1"}],"replies":[{"embeddable":true,"href":"https:\/\/optima.olecko.pl\/index.php\/wp-json\/wp\/v2\/comments?post=156"}],"version-history":[{"count":5,"href":"https:\/\/optima.olecko.pl\/index.php\/wp-json\/wp\/v2\/pages\/156\/revisions"}],"predecessor-version":[{"id":221,"href":"https:\/\/optima.olecko.pl\/index.php\/wp-json\/wp\/v2\/pages\/156\/revisions\/221"}],"wp:attachment":[{"href":"https:\/\/optima.olecko.pl\/index.php\/wp-json\/wp\/v2\/media?parent=156"}],"curies":[{"name":"wp","href":"https:\/\/api.w.org\/{rel}","templated":true}]}}