{"id":258,"date":"2021-09-17T19:02:56","date_gmt":"2021-09-17T19:02:56","guid":{"rendered":"https:\/\/optima.olecko.pl\/?page_id=258"},"modified":"2022-04-21T09:58:02","modified_gmt":"2022-04-21T09:58:02","slug":"ocena-jakosci","status":"publish","type":"page","link":"https:\/\/optima.olecko.pl\/index.php\/ocena-jakosci\/","title":{"rendered":"Ocena jako\u015bci"},"content":{"rendered":"\n\n\t\t\t\t\t\t\t\t\t\t<h4 tabindex=\"0\">Baka\u0142arzewo<\/h4>\n\t\t\t\t\t\n\t\t\t\t\t\t\t\t\t\t<h4 tabindex=\"0\">Banie Mazurskie<\/h4>\n\t\t\t\t\t\n\t\t\t\t\t\t\t\t\t\t<h4 tabindex=\"0\">Budziska<\/h4>\n\t\t\t\t\t\t\t\t\t\t<h4 tabindex=\"0\">Grabowo<\/h4>\n\t\t\t\t\t\t\t\t\t\t<h4 tabindex=\"0\">Jan\u00f3wka<\/h4>\n\t\t\t\t\t\n\t\t\t\t\t\t\t\t\t\t<h4 tabindex=\"0\">\u0141oje<\/h4>\n\t\t\t\t\t\n\t\t\t\t\t\t\t\t\t\t<h4 tabindex=\"0\">Netta Druga<\/h4>\n\t\t\t\t\t\n\t\t\t\t\t\t\t\t\t\t<h4 tabindex=\"0\">Pruska<\/h4>\n\t\t\t\t\t\n\t\t\t\t\t\t\t\t\t\t<h4 tabindex=\"0\">Przero\u015bl<\/h4>\n\t\t\t\t\t\n\t\t\t\t\t\t\t\t\t\t<h4 tabindex=\"0\">Radkiejmy<\/h4>\n\t\t\t\t\t\t\t\t\t\t<h4 tabindex=\"0\">Rutki Nowe<\/h4>\n\t\t\t\t\t\n\t\t\t\t\t\t\t\t\t\t<h4 tabindex=\"0\">\u015amieciuch\u00f3wka<\/h4>\n\t\t\t\t\t\n\t\t\t\t\t\t\t\t\t\t<h4 tabindex=\"0\">\u017bytkiejmy<\/h4>\n\t\t\t\t\t<p>Ocena jako\u015bci wrzesie\u0144 2021 r.<\/p>\n\n","protected":false},"excerpt":{"rendered":"<p>Baka\u0142arzewo Banie Mazurskie Budziska Grabowo Jan\u00f3wka \u0141oje Netta Druga Pruska Przero\u015bl Radkiejmy Rutki Nowe \u015amieciuch\u00f3wka \u017bytkiejmy Ocena jako\u015bci wrzesie\u0144 2021 r.<\/p>\n","protected":false},"author":1,"featured_media":0,"parent":0,"menu_order":0,"comment_status":"closed","ping_status":"closed","template":"","meta":{"footnotes":""},"class_list":["post-258","page","type-page","status-publish","hentry"],"_links":{"self":[{"href":"https:\/\/optima.olecko.pl\/index.php\/wp-json\/wp\/v2\/pages\/258","targetHints":{"allow":["GET"]}}],"collection":[{"href":"https:\/\/optima.olecko.pl\/index.php\/wp-json\/wp\/v2\/pages"}],"about":[{"href":"https:\/\/optima.olecko.pl\/index.php\/wp-json\/wp\/v2\/types\/page"}],"author":[{"embeddable":true,"href":"https:\/\/optima.olecko.pl\/index.php\/wp-json\/wp\/v2\/users\/1"}],"replies":[{"embeddable":true,"href":"https:\/\/optima.olecko.pl\/index.php\/wp-json\/wp\/v2\/comments?post=258"}],"version-history":[{"count":26,"href":"https:\/\/optima.olecko.pl\/index.php\/wp-json\/wp\/v2\/pages\/258\/revisions"}],"predecessor-version":[{"id":405,"href":"https:\/\/optima.olecko.pl\/index.php\/wp-json\/wp\/v2\/pages\/258\/revisions\/405"}],"wp:attachment":[{"href":"https:\/\/optima.olecko.pl\/index.php\/wp-json\/wp\/v2\/media?parent=258"}],"curies":[{"name":"wp","href":"https:\/\/api.w.org\/{rel}","templated":true}]}}